{"id":39,"date":"2023-11-13T23:56:57","date_gmt":"2023-11-13T23:56:57","guid":{"rendered":"https:\/\/solotoberas.com\/?page_id=39"},"modified":"2024-01-13T17:25:32","modified_gmt":"2024-01-13T17:25:32","slug":"seleccion-de-toberas","status":"publish","type":"page","link":"https:\/\/solotoberas.com\/index.php\/seleccion-de-toberas\/","title":{"rendered":"Selecci\u00f3n"},"content":{"rendered":"<h2 class=\"wp-block-heading\">SELECCI\u00d3N DE TOBERAS<\/h2><h3 class=\"wp-block-heading\">La selecci\u00f3n de toberas depende de:<\/h3><p><em>&#8211;&nbsp; El medio filtrante, arena,&nbsp; grava, antracita, zeolita, carb\u00f3n activado, lecho mixto (arena\u2013antracita), tipo de resina cati\u00f3nica, ani\u00f3nica, lechos mixtos u otros.<\/em><\/p><p><em>&#8211; Tama\u00f1o efectivo nominal. de su medio filtrante. <\/em><em>NUNCA POR MALLA.<\/em><\/p><p><em>&#8211; El tipo de falso fondo es: acero  \u00f3 concreto.<\/em><\/p><p><em>&#8211; La forma en que desea equipar su falso fondo.<\/em><\/p><p><em>&#8211; Determine la ranura o seleccione cualquiera de nuestros productos nacionales estos cumplen con todos los medios de filtraci\u00f3n tradicionales.<\/em><\/p><p><em>&#8211; Determine el n\u00famero de espreas a utilizar por densidad NUNCA POR CAUDAL.<\/em><\/p><div id=\"wp-block-themeisle-blocks-slider-6410c089\" class=\"wp-block-themeisle-blocks-slider glide\" data-per-view=\"1\" data-gap=\"0\" data-peek=\"0\" data-autoplay=\"true\" data-height=\"300px\" data-hide-arrows=\"false\"><div class=\"glide__track\" data-glide-el=\"track\"><div class=\"glide__slides\"><div class=\"wp-block-themeisle-blocks-slider-item-wrapper glide__slide\" tabindex=\"0\"><figure><img decoding=\"async\" class=\"wp-block-themeisle-blocks-slider-item\" src=\"http:\/\/solotoberas.com\/wp-content\/uploads\/2023\/12\/Imagen6.png\" alt=\"Tobera\/esprea microranurada cola larga\" title=\"Tobera\/esprea microranurada cola larga\" data-id=\"299\"\/><figcaption>Tobera cola larga<\/figcaption><\/figure><\/div><div class=\"wp-block-themeisle-blocks-slider-item-wrapper glide__slide\" tabindex=\"0\"><figure><img decoding=\"async\" class=\"wp-block-themeisle-blocks-slider-item\" src=\"http:\/\/solotoberas.com\/wp-content\/uploads\/2023\/11\/image-45.png\" alt=\"\" title=\"\" data-id=\"240\"\/><\/figure><\/div><div class=\"wp-block-themeisle-blocks-slider-item-wrapper glide__slide\" tabindex=\"0\"><figure><img decoding=\"async\" class=\"wp-block-themeisle-blocks-slider-item\" src=\"http:\/\/solotoberas.com\/wp-content\/uploads\/2023\/12\/Imagen2.png\" alt=\"Tobera\/espreas de acero inoxidable\" title=\"Tobera\/espreas de acero inoxidable\" data-id=\"300\"\/><figcaption>Tobera tipo Jhonson <\/figcaption><\/figure><\/div><div class=\"wp-block-themeisle-blocks-slider-item-wrapper glide__slide\" tabindex=\"0\"><figure><img decoding=\"async\" class=\"wp-block-themeisle-blocks-slider-item\" src=\"http:\/\/solotoberas.com\/wp-content\/uploads\/2023\/12\/Imagen5.png\" alt=\"Tobera\/esprea microranurada de cola corta para suavizaci\u00f3n\" title=\"Tobera\/esprea microranurada de cola corta para suavizaci\u00f3n\" data-id=\"301\"\/><figcaption>Tobera cola corta<\/figcaption><\/figure><\/div><div class=\"wp-block-themeisle-blocks-slider-item-wrapper glide__slide\" tabindex=\"0\"><figure><img decoding=\"async\" class=\"wp-block-themeisle-blocks-slider-item\" src=\"http:\/\/solotoberas.com\/wp-content\/uploads\/2023\/12\/Imagen7.png\" alt=\"Hidroesfera tipo jhonson\" title=\"Hidroesfera tipo jhonson\" data-id=\"302\"\/><figcaption>Hidroesfera<\/figcaption><\/figure><\/div><div class=\"wp-block-themeisle-blocks-slider-item-wrapper glide__slide\" tabindex=\"0\"><figure><img decoding=\"async\" class=\"wp-block-themeisle-blocks-slider-item\" src=\"http:\/\/solotoberas.com\/wp-content\/uploads\/2023\/12\/Imagen4.png\" alt=\"Tobera\/esprea microranurada de cola corta para suavizaci\u00f3n\" title=\"Tobera\/esprea microranurada de cola corta para suavizaci\u00f3n\" data-id=\"298\"\/><figcaption>Tobera cola corta <\/figcaption><\/figure><\/div><div class=\"wp-block-themeisle-blocks-slider-item-wrapper glide__slide\" tabindex=\"0\"><figure><img decoding=\"async\" class=\"wp-block-themeisle-blocks-slider-item\" src=\"http:\/\/solotoberas.com\/wp-content\/uploads\/2023\/12\/Imagen1.png\" alt=\"Tobera\/esprea de cola corta de origen europeo\/americano\" title=\"Tobera\/esprea de cola corta de origen europeo\/americano\" data-id=\"297\"\/><figcaption>Tobera cola corta<\/figcaption><\/figure><\/div><div class=\"wp-block-themeisle-blocks-slider-item-wrapper glide__slide\" tabindex=\"0\"><figure><img decoding=\"async\" class=\"wp-block-themeisle-blocks-slider-item\" src=\"http:\/\/solotoberas.com\/wp-content\/uploads\/2023\/11\/image-44.png\" alt=\"\" title=\"\" data-id=\"237\"\/><\/figure><\/div><div class=\"wp-block-themeisle-blocks-slider-item-wrapper glide__slide\" tabindex=\"0\"><figure><img decoding=\"async\" class=\"wp-block-themeisle-blocks-slider-item\" src=\"http:\/\/solotoberas.com\/wp-content\/uploads\/2023\/11\/image-42.png\" alt=\"\" title=\"\" data-id=\"235\"\/><\/figure><\/div><div class=\"wp-block-themeisle-blocks-slider-item-wrapper glide__slide\" tabindex=\"0\"><figure><img decoding=\"async\" class=\"wp-block-themeisle-blocks-slider-item\" src=\"http:\/\/solotoberas.com\/wp-content\/uploads\/2023\/11\/image-43.png\" alt=\"\" title=\"\" data-id=\"236\"\/><\/figure><\/div><div class=\"wp-block-themeisle-blocks-slider-item-wrapper glide__slide\" tabindex=\"0\"><figure><img decoding=\"async\" class=\"wp-block-themeisle-blocks-slider-item\" src=\"http:\/\/solotoberas.com\/wp-content\/uploads\/2023\/11\/image-31.png\" alt=\"\" title=\"\" data-id=\"176\"\/><\/figure><\/div><div class=\"wp-block-themeisle-blocks-slider-item-wrapper glide__slide\" tabindex=\"0\"><figure><img decoding=\"async\" class=\"wp-block-themeisle-blocks-slider-item\" src=\"http:\/\/solotoberas.com\/wp-content\/uploads\/2023\/11\/image-26.png\" alt=\"\" title=\"\" data-id=\"136\"\/><\/figure><\/div><div class=\"wp-block-themeisle-blocks-slider-item-wrapper glide__slide\" tabindex=\"0\"><figure><img decoding=\"async\" class=\"wp-block-themeisle-blocks-slider-item\" src=\"http:\/\/solotoberas.com\/wp-content\/uploads\/2023\/11\/image-25.png\" alt=\"\" title=\"\" data-id=\"130\"\/><\/figure><\/div><div class=\"wp-block-themeisle-blocks-slider-item-wrapper glide__slide\" tabindex=\"0\"><figure><img decoding=\"async\" class=\"wp-block-themeisle-blocks-slider-item\" src=\"http:\/\/solotoberas.com\/wp-content\/uploads\/2023\/11\/image-24.png\" alt=\"\" title=\"\" data-id=\"129\"\/><\/figure><\/div><div class=\"wp-block-themeisle-blocks-slider-item-wrapper glide__slide\" tabindex=\"0\"><figure><img decoding=\"async\" class=\"wp-block-themeisle-blocks-slider-item\" src=\"http:\/\/solotoberas.com\/wp-content\/uploads\/2023\/11\/image-23.png\" alt=\"\" title=\"\" data-id=\"128\"\/><\/figure><\/div><div class=\"wp-block-themeisle-blocks-slider-item-wrapper glide__slide\" tabindex=\"0\"><figure><img decoding=\"async\" class=\"wp-block-themeisle-blocks-slider-item\" src=\"http:\/\/solotoberas.com\/wp-content\/uploads\/2023\/11\/image-11.png\" alt=\"\" title=\"\" data-id=\"110\"\/><\/figure><\/div><div class=\"wp-block-themeisle-blocks-slider-item-wrapper glide__slide\" tabindex=\"0\"><figure><img decoding=\"async\" class=\"wp-block-themeisle-blocks-slider-item\" src=\"http:\/\/solotoberas.com\/wp-content\/uploads\/2023\/11\/WhatsApp-Image-2023-11-13-at-6.55.43-PM-2.jpeg\" alt=\"\" title=\"\" data-id=\"190\"\/><\/figure><\/div><\/div><div class=\"glide__bullets\" data-glide-el=\"controls[nav]\"><button class=\"glide__bullet\" data-glide-dir=\"=0\"><\/button><button class=\"glide__bullet\" data-glide-dir=\"=1\"><\/button><button class=\"glide__bullet\" data-glide-dir=\"=2\"><\/button><button class=\"glide__bullet\" data-glide-dir=\"=3\"><\/button><button class=\"glide__bullet\" data-glide-dir=\"=4\"><\/button><button class=\"glide__bullet\" data-glide-dir=\"=5\"><\/button><button class=\"glide__bullet\" data-glide-dir=\"=6\"><\/button><button class=\"glide__bullet\" data-glide-dir=\"=7\"><\/button><button class=\"glide__bullet\" data-glide-dir=\"=8\"><\/button><button class=\"glide__bullet\" data-glide-dir=\"=9\"><\/button><button class=\"glide__bullet\" data-glide-dir=\"=10\"><\/button><button class=\"glide__bullet\" data-glide-dir=\"=11\"><\/button><button class=\"glide__bullet\" data-glide-dir=\"=12\"><\/button><button class=\"glide__bullet\" data-glide-dir=\"=13\"><\/button><button class=\"glide__bullet\" data-glide-dir=\"=14\"><\/button><button class=\"glide__bullet\" data-glide-dir=\"=15\"><\/button><button class=\"glide__bullet\" data-glide-dir=\"=16\"><\/button><\/div><\/div><\/div><h3 class=\"wp-block-heading\">La densidad depende de la experiencia del&nbsp;dise\u00f1ador utilizando reglas americanas o europeas.<\/h3><p>Algunas recomendaciones para la selecci\u00f3n de toberas son las <em>Nozzle densities<\/em> (densidad de toberas), dependiendo del texto la recomendaci\u00f3n es: <\/p><p>Of 2,25 or 4.0 per square foot are standard. 24\u201343 ESPREAS POR M<sup>2<\/sup><\/p><p>Of 3.25 or 4.7 per square foot are standard. 34\u201350 ESPREAS POR M<sup>2<\/sup><\/p><p>Water supply by Don d Raimayaca and Malcolm J. Brandt. 40 ESPREAS POR M<sup>2<\/sup><\/p><p>Water treatment handbook Degremont, 1973. 50 ESPREAS POR M<sup>2<\/sup><\/p><p>IMTA distancia \u00f3ptima 0.13 m m\u00e1xima 0.15 m 49\u201364 ESPREAS POR M<sup>2<\/sup><\/p><p>Distancia \u00f3ptima 0.15 m filter nozzles producers&nbsp; 49 ESPREAS POR M<sup>2<\/sup><\/p><h5 class=\"wp-block-heading\"><strong>NUESTRA ESPERIENCIA<\/strong> 49 A\u00d1OS. 50 ESPREAS POR M<sup>2<\/sup><\/h5><div id=\"wp-block-themeisle-blocks-slider-611a0fe3\" class=\"wp-block-themeisle-blocks-slider glide\" data-per-view=\"1\" data-gap=\"0\" data-peek=\"0\" data-autoplay=\"true\" data-height=\"300px\" data-hide-arrows=\"false\"><div class=\"glide__track\" data-glide-el=\"track\"><div class=\"glide__slides\"><div class=\"wp-block-themeisle-blocks-slider-item-wrapper glide__slide\" tabindex=\"0\"><figure><img decoding=\"async\" class=\"wp-block-themeisle-blocks-slider-item\" src=\"http:\/\/solotoberas.com\/wp-content\/uploads\/2023\/11\/ud-BP-SEAPAL-1423-rehabilitacion-planta-rio-cuale-046.jpeg\" alt=\"\" title=\"\" data-id=\"214\"\/><\/figure><\/div><div class=\"wp-block-themeisle-blocks-slider-item-wrapper glide__slide\" tabindex=\"0\"><figure><img decoding=\"async\" class=\"wp-block-themeisle-blocks-slider-item\" src=\"http:\/\/solotoberas.com\/wp-content\/uploads\/2023\/11\/e-images-12.jpg\" alt=\"\" title=\"\" data-id=\"19\"\/><\/figure><\/div><div class=\"wp-block-themeisle-blocks-slider-item-wrapper glide__slide\" tabindex=\"0\"><figure><img decoding=\"async\" class=\"wp-block-themeisle-blocks-slider-item\" src=\"http:\/\/solotoberas.com\/wp-content\/uploads\/2023\/12\/Imagen1.jpg\" alt=\"\" title=\"\" data-id=\"359\"\/><\/figure><\/div><div class=\"wp-block-themeisle-blocks-slider-item-wrapper glide__slide\" tabindex=\"0\"><figure><img decoding=\"async\" class=\"wp-block-themeisle-blocks-slider-item\" src=\"http:\/\/solotoberas.com\/wp-content\/uploads\/2023\/12\/Imagen2.jpg\" alt=\"\" title=\"\" data-id=\"360\"\/><\/figure><\/div><div class=\"wp-block-themeisle-blocks-slider-item-wrapper glide__slide\" tabindex=\"0\"><figure><img decoding=\"async\" class=\"wp-block-themeisle-blocks-slider-item\" src=\"http:\/\/solotoberas.com\/wp-content\/uploads\/2023\/12\/Imagen3.jpg\" alt=\"\" title=\"\" data-id=\"361\"\/><\/figure><\/div><div class=\"wp-block-themeisle-blocks-slider-item-wrapper glide__slide\" tabindex=\"0\"><figure><img decoding=\"async\" class=\"wp-block-themeisle-blocks-slider-item\" src=\"http:\/\/solotoberas.com\/wp-content\/uploads\/2023\/12\/Imagen4.jpg\" alt=\"\" title=\"\" data-id=\"362\"\/><\/figure><\/div><div class=\"wp-block-themeisle-blocks-slider-item-wrapper glide__slide\" tabindex=\"0\"><figure><img decoding=\"async\" class=\"wp-block-themeisle-blocks-slider-item\" src=\"http:\/\/solotoberas.com\/wp-content\/uploads\/2023\/12\/Imagen5.jpg\" alt=\"\" title=\"\" data-id=\"363\"\/><\/figure><\/div><\/div><div class=\"glide__bullets\" data-glide-el=\"controls[nav]\"><button class=\"glide__bullet\" data-glide-dir=\"=0\"><\/button><button class=\"glide__bullet\" data-glide-dir=\"=1\"><\/button><button class=\"glide__bullet\" data-glide-dir=\"=2\"><\/button><button class=\"glide__bullet\" data-glide-dir=\"=3\"><\/button><button class=\"glide__bullet\" data-glide-dir=\"=4\"><\/button><button class=\"glide__bullet\" data-glide-dir=\"=5\"><\/button><button class=\"glide__bullet\" data-glide-dir=\"=6\"><\/button><\/div><\/div><\/div><h3 class=\"wp-block-heading\"><strong><em>LA VELOCIDAD DE LAVADO DE LOS FILTROS SE DETERMINA CON EL MEDIO FILTRANTE Y LA EXPANSI\u00d3N REQUERIDA O SUGERIDA SEG\u00daN EL MEDIO, la velocidad de filtraci\u00f3n depende de la aplicaci\u00f3n.<\/em><\/strong><\/h3><div class=\"wp-block-group is-vertical is-layout-flex wp-container-core-group-is-layout-8cf370e7 wp-block-group-is-layout-flex\"><p>M\u00f3dulos pl\u00e1sticos LAVADO AGUA \/AIRE<\/p>\n\n<p>\u202fAire: 36\u201390 m\/hr (agua potable 70 Sm3\/h)<\/p>\n\n<p>Agua: 15\u201360 m\/hr (agua potable 48 m3\/h)<\/p><\/div><p>CONTRA Filter nozzles,&nbsp; ESPREAS MICRORANURADAS O TOBERAS<\/p><div class=\"wp-block-group is-vertical is-layout-flex wp-container-core-group-is-layout-b7faace9 wp-block-group-is-layout-flex\"><p>LAVADO AGUA\/AIRE<\/p>\n\n<p>Aire: 55 N m3\/hr (ajustar por altura)<\/p>\n\n<p>Agua: 15 m3\/hr (agua potable) enjuague 7 m3\/h)<\/p><\/div><div class=\"wp-block-group is-vertical is-layout-flex wp-container-core-group-is-layout-8cf370e7 wp-block-group-is-layout-flex\"><p>LAVADO SOLO CON AGUA<\/p>\n\n<p>Agua: 30 m3\/hr (agua potable) enjuague 7 m3\/h<\/p><\/div><p>Las velocidad de filtraci\u00f3n anteriormente indicadas son representativas y las mismas no contemplan las velocidades que podemos adoptar para varios tipos de filtraci\u00f3n, por ejemplo en filtraci\u00f3n de agua de albercas, las velocidad de filtracion pueden alcanzar mas de 50 m3\/h\/m2.<\/p><p><strong>LA SELECCI\u00d3N DE NUESTROS PRODUCTOS Y LA FORMA DE SU UTILIZACION ES RESPONSABILIDAD DEL PROPIO DISE\u00d1ADOR.<\/strong><\/p>","protected":false},"excerpt":{"rendered":"<p>SELECCI\u00d3N DE TOBERAS La selecci\u00f3n de toberas depende de: &#8211;&nbsp; El medio filtrante, arena,&nbsp; grava, antracita, zeolita, carb\u00f3n activado, lecho mixto (arena\u2013antracita), tipo de resina &hellip; <\/p>\n","protected":false},"author":1,"featured_media":0,"parent":0,"menu_order":0,"comment_status":"closed","ping_status":"closed","template":"","meta":{"om_disable_all_campaigns":false,"_themeisle_gutenberg_block_has_review":false,"footnotes":""},"class_list":["post-39","page","type-page","status-publish","hentry"],"yoast_head":"<!-- This site is optimized with the Yoast SEO plugin v24.3 - https:\/\/yoast.com\/wordpress\/plugins\/seo\/ -->\n<title>Selecci\u00f3n<\/title>\n<meta name=\"description\" content=\"Selecci\u00f3n\" \/>\n<meta name=\"robots\" content=\"index, follow, max-snippet:-1, max-image-preview:large, max-video-preview:-1\" \/>\n<link rel=\"canonical\" href=\"https:\/\/solotoberas.com\/index.php\/seleccion-de-toberas\/\" \/>\n<meta property=\"og:locale\" content=\"en_US\" \/>\n<meta property=\"og:type\" content=\"article\" \/>\n<meta property=\"og:title\" content=\"Selecci\u00f3n\" \/>\n<meta property=\"og:description\" content=\"Selecci\u00f3n\" \/>\n<meta property=\"og:url\" content=\"https:\/\/solotoberas.com\/index.php\/seleccion-de-toberas\/\" \/>\n<meta property=\"og:site_name\" content=\"solotoberas.com\" \/>\n<meta property=\"article:modified_time\" content=\"2024-01-13T17:25:32+00:00\" \/>\n<meta property=\"og:image\" content=\"http:\/\/solotoberas.com\/wp-content\/uploads\/2023\/12\/Imagen6.png\" \/>\n<meta name=\"twitter:card\" content=\"summary_large_image\" \/>\n<meta name=\"twitter:label1\" content=\"Est. reading time\" \/>\n\t<meta name=\"twitter:data1\" content=\"7 minutes\" \/>\n<script type=\"application\/ld+json\" class=\"yoast-schema-graph\">{\"@context\":\"https:\/\/schema.org\",\"@graph\":[{\"@type\":\"WebPage\",\"@id\":\"https:\/\/solotoberas.com\/index.php\/seleccion-de-toberas\/\",\"url\":\"https:\/\/solotoberas.com\/index.php\/seleccion-de-toberas\/\",\"name\":\"Selecci\u00f3n\",\"isPartOf\":{\"@id\":\"https:\/\/solotoberas.com\/#website\"},\"primaryImageOfPage\":{\"@id\":\"https:\/\/solotoberas.com\/index.php\/seleccion-de-toberas\/#primaryimage\"},\"image\":{\"@id\":\"https:\/\/solotoberas.com\/index.php\/seleccion-de-toberas\/#primaryimage\"},\"thumbnailUrl\":\"http:\/\/solotoberas.com\/wp-content\/uploads\/2023\/12\/Imagen6.png\",\"datePublished\":\"2023-11-13T23:56:57+00:00\",\"dateModified\":\"2024-01-13T17:25:32+00:00\",\"description\":\"Selecci\u00f3n\",\"breadcrumb\":{\"@id\":\"https:\/\/solotoberas.com\/index.php\/seleccion-de-toberas\/#breadcrumb\"},\"inLanguage\":\"en-US\",\"potentialAction\":[{\"@type\":\"ReadAction\",\"target\":[\"https:\/\/solotoberas.com\/index.php\/seleccion-de-toberas\/\"]}]},{\"@type\":\"ImageObject\",\"inLanguage\":\"en-US\",\"@id\":\"https:\/\/solotoberas.com\/index.php\/seleccion-de-toberas\/#primaryimage\",\"url\":\"http:\/\/solotoberas.com\/wp-content\/uploads\/2023\/12\/Imagen6.png\",\"contentUrl\":\"http:\/\/solotoberas.com\/wp-content\/uploads\/2023\/12\/Imagen6.png\"},{\"@type\":\"BreadcrumbList\",\"@id\":\"https:\/\/solotoberas.com\/index.php\/seleccion-de-toberas\/#breadcrumb\",\"itemListElement\":[{\"@type\":\"ListItem\",\"position\":1,\"name\":\"Home\",\"item\":\"https:\/\/solotoberas.com\/\"},{\"@type\":\"ListItem\",\"position\":2,\"name\":\"Selecci\u00f3n\"}]},{\"@type\":\"WebSite\",\"@id\":\"https:\/\/solotoberas.com\/#website\",\"url\":\"https:\/\/solotoberas.com\/\",\"name\":\"solotoberas.com\",\"description\":\"\",\"publisher\":{\"@id\":\"https:\/\/solotoberas.com\/#organization\"},\"potentialAction\":[{\"@type\":\"SearchAction\",\"target\":{\"@type\":\"EntryPoint\",\"urlTemplate\":\"https:\/\/solotoberas.com\/?s={search_term_string}\"},\"query-input\":{\"@type\":\"PropertyValueSpecification\",\"valueRequired\":true,\"valueName\":\"search_term_string\"}}],\"inLanguage\":\"en-US\"},{\"@type\":\"Organization\",\"@id\":\"https:\/\/solotoberas.com\/#organization\",\"name\":\"solotoberas.com\",\"url\":\"https:\/\/solotoberas.com\/\",\"logo\":{\"@type\":\"ImageObject\",\"inLanguage\":\"en-US\",\"@id\":\"https:\/\/solotoberas.com\/#\/schema\/logo\/image\/\",\"url\":\"https:\/\/solotoberas.com\/wp-content\/uploads\/2023\/11\/cropped-logo.jpg\",\"contentUrl\":\"https:\/\/solotoberas.com\/wp-content\/uploads\/2023\/11\/cropped-logo.jpg\",\"width\":561,\"height\":207,\"caption\":\"solotoberas.com\"},\"image\":{\"@id\":\"https:\/\/solotoberas.com\/#\/schema\/logo\/image\/\"}}]}<\/script>\n<!-- \/ Yoast SEO plugin. -->","yoast_head_json":{"title":"Selecci\u00f3n","description":"Selecci\u00f3n","robots":{"index":"index","follow":"follow","max-snippet":"max-snippet:-1","max-image-preview":"max-image-preview:large","max-video-preview":"max-video-preview:-1"},"canonical":"https:\/\/solotoberas.com\/index.php\/seleccion-de-toberas\/","og_locale":"en_US","og_type":"article","og_title":"Selecci\u00f3n","og_description":"Selecci\u00f3n","og_url":"https:\/\/solotoberas.com\/index.php\/seleccion-de-toberas\/","og_site_name":"solotoberas.com","article_modified_time":"2024-01-13T17:25:32+00:00","og_image":[{"url":"http:\/\/solotoberas.com\/wp-content\/uploads\/2023\/12\/Imagen6.png","type":"","width":"","height":""}],"twitter_card":"summary_large_image","twitter_misc":{"Est. reading time":"7 minutes"},"schema":{"@context":"https:\/\/schema.org","@graph":[{"@type":"WebPage","@id":"https:\/\/solotoberas.com\/index.php\/seleccion-de-toberas\/","url":"https:\/\/solotoberas.com\/index.php\/seleccion-de-toberas\/","name":"Selecci\u00f3n","isPartOf":{"@id":"https:\/\/solotoberas.com\/#website"},"primaryImageOfPage":{"@id":"https:\/\/solotoberas.com\/index.php\/seleccion-de-toberas\/#primaryimage"},"image":{"@id":"https:\/\/solotoberas.com\/index.php\/seleccion-de-toberas\/#primaryimage"},"thumbnailUrl":"http:\/\/solotoberas.com\/wp-content\/uploads\/2023\/12\/Imagen6.png","datePublished":"2023-11-13T23:56:57+00:00","dateModified":"2024-01-13T17:25:32+00:00","description":"Selecci\u00f3n","breadcrumb":{"@id":"https:\/\/solotoberas.com\/index.php\/seleccion-de-toberas\/#breadcrumb"},"inLanguage":"en-US","potentialAction":[{"@type":"ReadAction","target":["https:\/\/solotoberas.com\/index.php\/seleccion-de-toberas\/"]}]},{"@type":"ImageObject","inLanguage":"en-US","@id":"https:\/\/solotoberas.com\/index.php\/seleccion-de-toberas\/#primaryimage","url":"http:\/\/solotoberas.com\/wp-content\/uploads\/2023\/12\/Imagen6.png","contentUrl":"http:\/\/solotoberas.com\/wp-content\/uploads\/2023\/12\/Imagen6.png"},{"@type":"BreadcrumbList","@id":"https:\/\/solotoberas.com\/index.php\/seleccion-de-toberas\/#breadcrumb","itemListElement":[{"@type":"ListItem","position":1,"name":"Home","item":"https:\/\/solotoberas.com\/"},{"@type":"ListItem","position":2,"name":"Selecci\u00f3n"}]},{"@type":"WebSite","@id":"https:\/\/solotoberas.com\/#website","url":"https:\/\/solotoberas.com\/","name":"solotoberas.com","description":"","publisher":{"@id":"https:\/\/solotoberas.com\/#organization"},"potentialAction":[{"@type":"SearchAction","target":{"@type":"EntryPoint","urlTemplate":"https:\/\/solotoberas.com\/?s={search_term_string}"},"query-input":{"@type":"PropertyValueSpecification","valueRequired":true,"valueName":"search_term_string"}}],"inLanguage":"en-US"},{"@type":"Organization","@id":"https:\/\/solotoberas.com\/#organization","name":"solotoberas.com","url":"https:\/\/solotoberas.com\/","logo":{"@type":"ImageObject","inLanguage":"en-US","@id":"https:\/\/solotoberas.com\/#\/schema\/logo\/image\/","url":"https:\/\/solotoberas.com\/wp-content\/uploads\/2023\/11\/cropped-logo.jpg","contentUrl":"https:\/\/solotoberas.com\/wp-content\/uploads\/2023\/11\/cropped-logo.jpg","width":561,"height":207,"caption":"solotoberas.com"},"image":{"@id":"https:\/\/solotoberas.com\/#\/schema\/logo\/image\/"}}]}},"_links":{"self":[{"href":"https:\/\/solotoberas.com\/index.php\/wp-json\/wp\/v2\/pages\/39","targetHints":{"allow":["GET"]}}],"collection":[{"href":"https:\/\/solotoberas.com\/index.php\/wp-json\/wp\/v2\/pages"}],"about":[{"href":"https:\/\/solotoberas.com\/index.php\/wp-json\/wp\/v2\/types\/page"}],"author":[{"embeddable":true,"href":"https:\/\/solotoberas.com\/index.php\/wp-json\/wp\/v2\/users\/1"}],"replies":[{"embeddable":true,"href":"https:\/\/solotoberas.com\/index.php\/wp-json\/wp\/v2\/comments?post=39"}],"version-history":[{"count":10,"href":"https:\/\/solotoberas.com\/index.php\/wp-json\/wp\/v2\/pages\/39\/revisions"}],"predecessor-version":[{"id":426,"href":"https:\/\/solotoberas.com\/index.php\/wp-json\/wp\/v2\/pages\/39\/revisions\/426"}],"wp:attachment":[{"href":"https:\/\/solotoberas.com\/index.php\/wp-json\/wp\/v2\/media?parent=39"}],"curies":[{"name":"wp","href":"https:\/\/api.w.org\/{rel}","templated":true}]}}