{"id":3,"date":"2023-11-11T00:11:39","date_gmt":"2023-11-11T00:11:39","guid":{"rendered":"http:\/\/solotoberas.com\/?page_id=3"},"modified":"2023-12-28T22:55:21","modified_gmt":"2023-12-28T22:55:21","slug":"politica-privacidad","status":"publish","type":"page","link":"https:\/\/solotoberas.com\/index.php\/politica-privacidad\/","title":{"rendered":"Pol\u00edtica de privacidad"},"content":{"rendered":"<p><strong>Aviso de privacidad<\/strong><\/p><p><strong>\u00daltima actualizaci\u00f3n: 24 de junio de 2020<\/strong><\/p><p>En cumplimiento con las disposiciones de la Ley General de Protecci\u00f3n de Datos Personales en Posesi\u00f3n de Sujetos Obligados (M\u00e9xico), <strong>CVS Servicios de Agua. S.A. de C.V<\/strong>. y su personal y\/o subcontratistas, en lo sucesivo denominados colectivamente \u201cEL PROVEEDOR\u201d, ponen a su disposici\u00f3n el siguiente aviso de privacidad.<\/p><p>Se entiende como \u201cEL CLIENTE\u201d a la(s) persona(s) f\u00edsica(s) o moral(es) que soliciten informaci\u00f3n sobre los productos, o bien, que soliciten productos a EL PROVEEDOR seg\u00fan se detallan en sus canales de venta, incluyendo sus sitios web (<strong><a href=\"https:\/\/solotoberas.com\/\" title=\"\">www.solotoberas.com<\/a>, <a href=\"https:\/\/www.cvsserviciosdeagua.com\/\" title=\"\">www.cvsserviciosdeagua.com<\/a>)<\/strong>.<\/p><p>EL PROVEEDOR es responsable del uso y protecci\u00f3n de sus datos personales. En este sentido y atendiendo las obligaciones legales establecidas en la Ley General de Protecci\u00f3n de Datos Personales en Posesi\u00f3n de Sujetos Obligados, a trav\u00e9s de este instrumento se informa a los titulares la informaci\u00f3n que de ellos se recaba y los fines que se dar\u00e1 a dicha informaci\u00f3n.<\/p><p>Asimismo, hacemos de su conocimiento que EL PROVEEDOR tiene su domicilio legal <strong>en Avenida Puebla No. 6, Colonia Los Reyes Acaquilpan, Municipio la Paz, Estado de M\u00e9xico, C.P. 56400, M\u00e9xico <\/strong>y que es una empresa debidamente constituida de conformidad con las leyes mexicanas bajo el Registro Federal de Contribuyentes <strong>CSA061127CL0<\/strong><strong>.<\/strong><\/p><p>EL PROVEEDOR podr\u00e1 recabar los siguientes datos personales cuando (a) \u00e9stos hayan sido espec\u00edficamente proporcionados a EL PROVEEDOR por su titular mediante cualquier medio hablado, escrito, gr\u00e1fico, electr\u00f3nico, digital, audiovisual o de cualquier otra clase, o cuando (b) \u00e9stos hayan sido solicitados por EL PROVEEDOR para poder cumplir con los requerimientos de EL CLIENTE, en cuyo caso EL CLIENTE ser\u00e1 responsable ante el titular de los datos por su facilitaci\u00f3n a EL PROVEEDOR.<\/p><p>Los datos personales que pueden ser recabados por EL PROVEEDOR son:<\/p><p>\u2022Nombres completos.<\/p><p>\u2022Direcciones.<\/p><p>\u2022Tel\u00e9fonos fijos y m\u00f3viles.<\/p><p>\u2022Correos electr\u00f3nicos.<\/p><p>\u2022Registro Federal de Contribuyentes.<\/p><p>Estos datos ser\u00e1n utilizados \u00fanica y exclusivamente para:<\/p><p>\u2022Elaboraci\u00f3n de cotizaciones y documentaci\u00f3n fiscal derivada de la relaci\u00f3n comercial.<\/p><p>\u2022Comunicaci\u00f3n entre ambas partes.<\/p><p>\u2022Actualizaci\u00f3n de la base de datos y directorio de clientes interno de la empresa.<\/p><p>Los datos sensibles recabados, tales como:<\/p><p>\u2022Toda informaci\u00f3n inherentemente contenida en la documentaci\u00f3n enviada por EL CLIENTE para su tratamiento por parte de EL PROVEEDOR durante la prestaci\u00f3n de sus servicios, incluyendo datos financieros, patrimoniales, personales, acad\u00e9micos, referencias, entre otros.<\/p><p>\u2022Informaci\u00f3n adicional considerada necesaria seg\u00fan EL PROVEEDOR.<\/p><p>Estos datos ser\u00e1n utilizados \u00fanica y exclusivamente para:<\/p><p>\u2022El cumplimiento de la relaci\u00f3n comercial establecida con EL CLIENTE.<\/p><p>\u2022La elaboraci\u00f3n de documentaci\u00f3n adicional solicitada por autoridades legales y fiscales.<\/p><p>Sus datos personales recabados ser\u00e1n utilizados \u00fanicamente y exclusivamente por personal de EL PROVEEDOR, as\u00ed como, de ser necesario, por sus proveedores, colaboradores y subcontratistas considerados indispensables para la realizaci\u00f3n de los servicios solicitados.<\/p><p>Sus datos personales recabados ser\u00e1n almacenados \u00fanicamente en los servidores de correo y los ordenadores de los proveedores, colaboradores y subcontratistas relacionados con la realizaci\u00f3n de los servicios solicitados. Todos los datos considerados como sensibles ser\u00e1n eliminados al concluir la relaci\u00f3n comercial seg\u00fan los plazos indicados en nuestros t\u00e9rminos y condiciones, inciso 1.2. Los datos personales de contacto pueden ser almacenados por EL PROVEEDOR para futuros contactos, publicidad o historial de proyectos.<\/p><p>Todos sus datos personales son tratados de acuerdo con la legislaci\u00f3n aplicable y vigente en los Estados Unidos Mexicanos, y usted cuenta con los derechos ARCO (acceder, rectificar, cancelar u oponerse) en relaci\u00f3n al tratamiento otorgado a sus datos personales. Usted puede ejercer estos derechos o solicitar cualquier actualizaci\u00f3n comunic\u00e1ndose con EL PROVEEDOR v\u00eda telef\u00f3nica o correo electr\u00f3nico a los medios de contacto indicados en sus sitios web, (<strong><a href=\"http:\/\/www.solotoberas.com\/\">www.solotoberas.com<\/a>, <a href=\"https:\/\/www.cvsserviciosdeagua.com\/\" title=\"\">www.cvsserviciosdeagua.com<\/a>).<\/strong><\/p><p>Asimismo, el titular de los datos deber\u00e1 considerar que, en ciertos casos, la revocaci\u00f3n de su consentimiento implicar\u00e1 que EL PROVEEDOR no pudiere seguir cumpliendo con la relaci\u00f3n comercial. En este caso la relaci\u00f3n comercial se considerar\u00e1 cancelada sin perjuicio para EL PROVEEDOR ni montos pagaderos a EL CLIENTE.<\/p><p>EL PROVEEDOR se reserva el derecho de realizar modificaciones o actualizaciones a este Aviso de privacidad, en cuyo caso dicha actualizaci\u00f3n ser\u00e1 comunicada v\u00eda correo electr\u00f3nico a los solicitantes con proyectos activos.<\/p>","protected":false},"excerpt":{"rendered":"<p>Aviso de privacidad \u00daltima actualizaci\u00f3n: 24 de junio de 2020 En cumplimiento con las disposiciones de la Ley General de Protecci\u00f3n de Datos Personales en &hellip; <\/p>\n","protected":false},"author":1,"featured_media":0,"parent":0,"menu_order":0,"comment_status":"closed","ping_status":"open","template":"","meta":{"om_disable_all_campaigns":false,"_themeisle_gutenberg_block_has_review":false,"footnotes":""},"class_list":["post-3","page","type-page","status-publish","hentry"],"yoast_head":"<!-- This site is optimized with the Yoast SEO plugin v24.3 - https:\/\/yoast.com\/wordpress\/plugins\/seo\/ -->\n<title>Pol\u00edtica de privacidad - solotoberas.com<\/title>\n<meta name=\"robots\" content=\"index, follow, max-snippet:-1, max-image-preview:large, max-video-preview:-1\" \/>\n<link rel=\"canonical\" href=\"https:\/\/solotoberas.com\/index.php\/politica-privacidad\/\" \/>\n<meta property=\"og:locale\" content=\"en_US\" \/>\n<meta property=\"og:type\" content=\"article\" \/>\n<meta property=\"og:title\" content=\"Pol\u00edtica de privacidad - solotoberas.com\" \/>\n<meta property=\"og:description\" content=\"Aviso de privacidad \u00daltima actualizaci\u00f3n: 24 de junio de 2020 En cumplimiento con las disposiciones de la Ley General de Protecci\u00f3n de Datos Personales en &hellip;\" \/>\n<meta property=\"og:url\" content=\"https:\/\/solotoberas.com\/index.php\/politica-privacidad\/\" \/>\n<meta property=\"og:site_name\" content=\"solotoberas.com\" \/>\n<meta property=\"article:modified_time\" content=\"2023-12-28T22:55:21+00:00\" \/>\n<meta name=\"twitter:card\" content=\"summary_large_image\" \/>\n<meta name=\"twitter:label1\" content=\"Est. reading time\" \/>\n\t<meta name=\"twitter:data1\" content=\"3 minutes\" \/>\n<script type=\"application\/ld+json\" class=\"yoast-schema-graph\">{\"@context\":\"https:\/\/schema.org\",\"@graph\":[{\"@type\":\"WebPage\",\"@id\":\"https:\/\/solotoberas.com\/index.php\/politica-privacidad\/\",\"url\":\"https:\/\/solotoberas.com\/index.php\/politica-privacidad\/\",\"name\":\"Pol\u00edtica de privacidad - solotoberas.com\",\"isPartOf\":{\"@id\":\"https:\/\/solotoberas.com\/#website\"},\"datePublished\":\"2023-11-11T00:11:39+00:00\",\"dateModified\":\"2023-12-28T22:55:21+00:00\",\"breadcrumb\":{\"@id\":\"https:\/\/solotoberas.com\/index.php\/politica-privacidad\/#breadcrumb\"},\"inLanguage\":\"en-US\",\"potentialAction\":[{\"@type\":\"ReadAction\",\"target\":[\"https:\/\/solotoberas.com\/index.php\/politica-privacidad\/\"]}]},{\"@type\":\"BreadcrumbList\",\"@id\":\"https:\/\/solotoberas.com\/index.php\/politica-privacidad\/#breadcrumb\",\"itemListElement\":[{\"@type\":\"ListItem\",\"position\":1,\"name\":\"Home\",\"item\":\"https:\/\/solotoberas.com\/\"},{\"@type\":\"ListItem\",\"position\":2,\"name\":\"Pol\u00edtica de privacidad\"}]},{\"@type\":\"WebSite\",\"@id\":\"https:\/\/solotoberas.com\/#website\",\"url\":\"https:\/\/solotoberas.com\/\",\"name\":\"solotoberas.com\",\"description\":\"\",\"publisher\":{\"@id\":\"https:\/\/solotoberas.com\/#organization\"},\"potentialAction\":[{\"@type\":\"SearchAction\",\"target\":{\"@type\":\"EntryPoint\",\"urlTemplate\":\"https:\/\/solotoberas.com\/?s={search_term_string}\"},\"query-input\":{\"@type\":\"PropertyValueSpecification\",\"valueRequired\":true,\"valueName\":\"search_term_string\"}}],\"inLanguage\":\"en-US\"},{\"@type\":\"Organization\",\"@id\":\"https:\/\/solotoberas.com\/#organization\",\"name\":\"solotoberas.com\",\"url\":\"https:\/\/solotoberas.com\/\",\"logo\":{\"@type\":\"ImageObject\",\"inLanguage\":\"en-US\",\"@id\":\"https:\/\/solotoberas.com\/#\/schema\/logo\/image\/\",\"url\":\"https:\/\/solotoberas.com\/wp-content\/uploads\/2023\/11\/cropped-logo.jpg\",\"contentUrl\":\"https:\/\/solotoberas.com\/wp-content\/uploads\/2023\/11\/cropped-logo.jpg\",\"width\":561,\"height\":207,\"caption\":\"solotoberas.com\"},\"image\":{\"@id\":\"https:\/\/solotoberas.com\/#\/schema\/logo\/image\/\"}}]}<\/script>\n<!-- \/ Yoast SEO plugin. -->","yoast_head_json":{"title":"Pol\u00edtica de privacidad - solotoberas.com","robots":{"index":"index","follow":"follow","max-snippet":"max-snippet:-1","max-image-preview":"max-image-preview:large","max-video-preview":"max-video-preview:-1"},"canonical":"https:\/\/solotoberas.com\/index.php\/politica-privacidad\/","og_locale":"en_US","og_type":"article","og_title":"Pol\u00edtica de privacidad - solotoberas.com","og_description":"Aviso de privacidad \u00daltima actualizaci\u00f3n: 24 de junio de 2020 En cumplimiento con las disposiciones de la Ley General de Protecci\u00f3n de Datos Personales en &hellip;","og_url":"https:\/\/solotoberas.com\/index.php\/politica-privacidad\/","og_site_name":"solotoberas.com","article_modified_time":"2023-12-28T22:55:21+00:00","twitter_card":"summary_large_image","twitter_misc":{"Est. reading time":"3 minutes"},"schema":{"@context":"https:\/\/schema.org","@graph":[{"@type":"WebPage","@id":"https:\/\/solotoberas.com\/index.php\/politica-privacidad\/","url":"https:\/\/solotoberas.com\/index.php\/politica-privacidad\/","name":"Pol\u00edtica de privacidad - solotoberas.com","isPartOf":{"@id":"https:\/\/solotoberas.com\/#website"},"datePublished":"2023-11-11T00:11:39+00:00","dateModified":"2023-12-28T22:55:21+00:00","breadcrumb":{"@id":"https:\/\/solotoberas.com\/index.php\/politica-privacidad\/#breadcrumb"},"inLanguage":"en-US","potentialAction":[{"@type":"ReadAction","target":["https:\/\/solotoberas.com\/index.php\/politica-privacidad\/"]}]},{"@type":"BreadcrumbList","@id":"https:\/\/solotoberas.com\/index.php\/politica-privacidad\/#breadcrumb","itemListElement":[{"@type":"ListItem","position":1,"name":"Home","item":"https:\/\/solotoberas.com\/"},{"@type":"ListItem","position":2,"name":"Pol\u00edtica de privacidad"}]},{"@type":"WebSite","@id":"https:\/\/solotoberas.com\/#website","url":"https:\/\/solotoberas.com\/","name":"solotoberas.com","description":"","publisher":{"@id":"https:\/\/solotoberas.com\/#organization"},"potentialAction":[{"@type":"SearchAction","target":{"@type":"EntryPoint","urlTemplate":"https:\/\/solotoberas.com\/?s={search_term_string}"},"query-input":{"@type":"PropertyValueSpecification","valueRequired":true,"valueName":"search_term_string"}}],"inLanguage":"en-US"},{"@type":"Organization","@id":"https:\/\/solotoberas.com\/#organization","name":"solotoberas.com","url":"https:\/\/solotoberas.com\/","logo":{"@type":"ImageObject","inLanguage":"en-US","@id":"https:\/\/solotoberas.com\/#\/schema\/logo\/image\/","url":"https:\/\/solotoberas.com\/wp-content\/uploads\/2023\/11\/cropped-logo.jpg","contentUrl":"https:\/\/solotoberas.com\/wp-content\/uploads\/2023\/11\/cropped-logo.jpg","width":561,"height":207,"caption":"solotoberas.com"},"image":{"@id":"https:\/\/solotoberas.com\/#\/schema\/logo\/image\/"}}]}},"_links":{"self":[{"href":"https:\/\/solotoberas.com\/index.php\/wp-json\/wp\/v2\/pages\/3","targetHints":{"allow":["GET"]}}],"collection":[{"href":"https:\/\/solotoberas.com\/index.php\/wp-json\/wp\/v2\/pages"}],"about":[{"href":"https:\/\/solotoberas.com\/index.php\/wp-json\/wp\/v2\/types\/page"}],"author":[{"embeddable":true,"href":"https:\/\/solotoberas.com\/index.php\/wp-json\/wp\/v2\/users\/1"}],"replies":[{"embeddable":true,"href":"https:\/\/solotoberas.com\/index.php\/wp-json\/wp\/v2\/comments?post=3"}],"version-history":[{"count":2,"href":"https:\/\/solotoberas.com\/index.php\/wp-json\/wp\/v2\/pages\/3\/revisions"}],"predecessor-version":[{"id":386,"href":"https:\/\/solotoberas.com\/index.php\/wp-json\/wp\/v2\/pages\/3\/revisions\/386"}],"wp:attachment":[{"href":"https:\/\/solotoberas.com\/index.php\/wp-json\/wp\/v2\/media?parent=3"}],"curies":[{"name":"wp","href":"https:\/\/api.w.org\/{rel}","templated":true}]}}