{"id":222,"date":"2023-11-21T22:24:31","date_gmt":"2023-11-21T22:24:31","guid":{"rendered":"https:\/\/solotoberas.com\/?page_id=222"},"modified":"2024-01-13T15:56:51","modified_gmt":"2024-01-13T15:56:51","slug":"medios-filtrantes","status":"publish","type":"page","link":"https:\/\/solotoberas.com\/index.php\/medios-filtrantes\/","title":{"rendered":"Medios filtrantes"},"content":{"rendered":"<figure data-wp-context=\"{&quot;imageId&quot;:&quot;6a05fd68d651c&quot;}\" data-wp-interactive=\"core\/image\" data-wp-key=\"6a05fd68d651c\" class=\"wp-block-image size-full is-resized wp-lightbox-container\"><img loading=\"lazy\" decoding=\"async\" width=\"953\" height=\"509\" data-wp-class--hide=\"state.isContentHidden\" data-wp-class--show=\"state.isContentVisible\" data-wp-init=\"callbacks.setButtonStyles\" data-wp-on--click=\"actions.showLightbox\" data-wp-on--load=\"callbacks.setButtonStyles\" data-wp-on-window--resize=\"callbacks.setButtonStyles\" src=\"https:\/\/solotoberas.com\/wp-content\/uploads\/2023\/11\/image-38.png\" alt=\"medios filtrantes\" class=\"wp-image-223\" style=\"width:793px;height:auto\" srcset=\"https:\/\/solotoberas.com\/wp-content\/uploads\/2023\/11\/image-38.png 953w, https:\/\/solotoberas.com\/wp-content\/uploads\/2023\/11\/image-38-300x160.png 300w, https:\/\/solotoberas.com\/wp-content\/uploads\/2023\/11\/image-38-768x410.png 768w, https:\/\/solotoberas.com\/wp-content\/uploads\/2023\/11\/image-38-112x60.png 112w, https:\/\/solotoberas.com\/wp-content\/uploads\/2023\/11\/image-38-600x320.png 600w\" sizes=\"auto, (max-width: 953px) 100vw, 953px\" \/><button\n\t\t\tclass=\"lightbox-trigger\"\n\t\t\ttype=\"button\"\n\t\t\taria-haspopup=\"dialog\"\n\t\t\taria-label=\"Enlarge\"\n\t\t\tdata-wp-init=\"callbacks.initTriggerButton\"\n\t\t\tdata-wp-on--click=\"actions.showLightbox\"\n\t\t\tdata-wp-style--right=\"state.imageButtonRight\"\n\t\t\tdata-wp-style--top=\"state.imageButtonTop\"\n\t\t>\n\t\t\t<svg xmlns=\"http:\/\/www.w3.org\/2000\/svg\" width=\"12\" height=\"12\" fill=\"none\" viewBox=\"0 0 12 12\">\n\t\t\t\t<path fill=\"#fff\" d=\"M2 0a2 2 0 0 0-2 2v2h1.5V2a.5.5 0 0 1 .5-.5h2V0H2Zm2 10.5H2a.5.5 0 0 1-.5-.5V8H0v2a2 2 0 0 0 2 2h2v-1.5ZM8 12v-1.5h2a.5.5 0 0 0 .5-.5V8H12v2a2 2 0 0 1-2 2H8Zm2-12a2 2 0 0 1 2 2v2h-1.5V2a.5.5 0 0 0-.5-.5H8V0h2Z\" \/>\n\t\t\t<\/svg>\n\t\t<\/button><\/figure><p>Los medios filtrantes son materiales porosos utilizados en sistemas de filtraci\u00f3n para eliminar part\u00edculas s\u00f3lidas y contaminantes del flujo de fluido, como aire o agua. Estos materiales permiten el paso del fluido mientras retienen part\u00edculas no deseadas, garantizando la pureza y la calidad del medio. Ejemplos comunes incluyen arena s\u00edlica, grava s\u00edlica, zeolita, antracita, carb\u00f3n activado, entre otros.<\/p>","protected":false},"excerpt":{"rendered":"<p>Los medios filtrantes son materiales porosos utilizados en sistemas de filtraci\u00f3n para eliminar part\u00edculas s\u00f3lidas y contaminantes del flujo de fluido, como aire o agua. &hellip; <\/p>\n","protected":false},"author":1,"featured_media":0,"parent":0,"menu_order":0,"comment_status":"closed","ping_status":"closed","template":"","meta":{"om_disable_all_campaigns":false,"_themeisle_gutenberg_block_has_review":false,"footnotes":""},"class_list":["post-222","page","type-page","status-publish","hentry"],"yoast_head":"<!-- This site is optimized with the Yoast SEO plugin v24.3 - https:\/\/yoast.com\/wordpress\/plugins\/seo\/ -->\n<title>Medios filtrantes<\/title>\n<meta name=\"robots\" content=\"index, follow, max-snippet:-1, max-image-preview:large, max-video-preview:-1\" \/>\n<link rel=\"canonical\" href=\"https:\/\/solotoberas.com\/index.php\/medios-filtrantes\/\" \/>\n<meta property=\"og:locale\" content=\"en_US\" \/>\n<meta property=\"og:type\" content=\"article\" \/>\n<meta property=\"og:title\" content=\"Medios filtrantes\" \/>\n<meta property=\"og:description\" content=\"Los medios filtrantes son materiales porosos utilizados en sistemas de filtraci\u00f3n para eliminar part\u00edculas s\u00f3lidas y contaminantes del flujo de fluido, como aire o agua. &hellip;\" \/>\n<meta property=\"og:url\" content=\"https:\/\/solotoberas.com\/index.php\/medios-filtrantes\/\" \/>\n<meta property=\"og:site_name\" content=\"solotoberas.com\" \/>\n<meta property=\"article:modified_time\" content=\"2024-01-13T15:56:51+00:00\" \/>\n<meta property=\"og:image\" content=\"https:\/\/solotoberas.com\/wp-content\/uploads\/2023\/11\/image-38.png\" \/>\n<meta name=\"twitter:card\" content=\"summary_large_image\" \/>\n<meta name=\"twitter:label1\" content=\"Est. reading time\" \/>\n\t<meta name=\"twitter:data1\" content=\"1 minute\" \/>\n<script type=\"application\/ld+json\" class=\"yoast-schema-graph\">{\"@context\":\"https:\/\/schema.org\",\"@graph\":[{\"@type\":\"WebPage\",\"@id\":\"https:\/\/solotoberas.com\/index.php\/medios-filtrantes\/\",\"url\":\"https:\/\/solotoberas.com\/index.php\/medios-filtrantes\/\",\"name\":\"Medios filtrantes\",\"isPartOf\":{\"@id\":\"https:\/\/solotoberas.com\/#website\"},\"primaryImageOfPage\":{\"@id\":\"https:\/\/solotoberas.com\/index.php\/medios-filtrantes\/#primaryimage\"},\"image\":{\"@id\":\"https:\/\/solotoberas.com\/index.php\/medios-filtrantes\/#primaryimage\"},\"thumbnailUrl\":\"https:\/\/solotoberas.com\/wp-content\/uploads\/2023\/11\/image-38.png\",\"datePublished\":\"2023-11-21T22:24:31+00:00\",\"dateModified\":\"2024-01-13T15:56:51+00:00\",\"breadcrumb\":{\"@id\":\"https:\/\/solotoberas.com\/index.php\/medios-filtrantes\/#breadcrumb\"},\"inLanguage\":\"en-US\",\"potentialAction\":[{\"@type\":\"ReadAction\",\"target\":[\"https:\/\/solotoberas.com\/index.php\/medios-filtrantes\/\"]}]},{\"@type\":\"ImageObject\",\"inLanguage\":\"en-US\",\"@id\":\"https:\/\/solotoberas.com\/index.php\/medios-filtrantes\/#primaryimage\",\"url\":\"https:\/\/solotoberas.com\/wp-content\/uploads\/2023\/11\/image-38.png\",\"contentUrl\":\"https:\/\/solotoberas.com\/wp-content\/uploads\/2023\/11\/image-38.png\",\"width\":953,\"height\":509},{\"@type\":\"BreadcrumbList\",\"@id\":\"https:\/\/solotoberas.com\/index.php\/medios-filtrantes\/#breadcrumb\",\"itemListElement\":[{\"@type\":\"ListItem\",\"position\":1,\"name\":\"Home\",\"item\":\"https:\/\/solotoberas.com\/\"},{\"@type\":\"ListItem\",\"position\":2,\"name\":\"Medios filtrantes\"}]},{\"@type\":\"WebSite\",\"@id\":\"https:\/\/solotoberas.com\/#website\",\"url\":\"https:\/\/solotoberas.com\/\",\"name\":\"solotoberas.com\",\"description\":\"\",\"publisher\":{\"@id\":\"https:\/\/solotoberas.com\/#organization\"},\"potentialAction\":[{\"@type\":\"SearchAction\",\"target\":{\"@type\":\"EntryPoint\",\"urlTemplate\":\"https:\/\/solotoberas.com\/?s={search_term_string}\"},\"query-input\":{\"@type\":\"PropertyValueSpecification\",\"valueRequired\":true,\"valueName\":\"search_term_string\"}}],\"inLanguage\":\"en-US\"},{\"@type\":\"Organization\",\"@id\":\"https:\/\/solotoberas.com\/#organization\",\"name\":\"solotoberas.com\",\"url\":\"https:\/\/solotoberas.com\/\",\"logo\":{\"@type\":\"ImageObject\",\"inLanguage\":\"en-US\",\"@id\":\"https:\/\/solotoberas.com\/#\/schema\/logo\/image\/\",\"url\":\"https:\/\/solotoberas.com\/wp-content\/uploads\/2023\/11\/cropped-logo.jpg\",\"contentUrl\":\"https:\/\/solotoberas.com\/wp-content\/uploads\/2023\/11\/cropped-logo.jpg\",\"width\":561,\"height\":207,\"caption\":\"solotoberas.com\"},\"image\":{\"@id\":\"https:\/\/solotoberas.com\/#\/schema\/logo\/image\/\"}}]}<\/script>\n<!-- \/ Yoast SEO plugin. -->","yoast_head_json":{"title":"Medios filtrantes","robots":{"index":"index","follow":"follow","max-snippet":"max-snippet:-1","max-image-preview":"max-image-preview:large","max-video-preview":"max-video-preview:-1"},"canonical":"https:\/\/solotoberas.com\/index.php\/medios-filtrantes\/","og_locale":"en_US","og_type":"article","og_title":"Medios filtrantes","og_description":"Los medios filtrantes son materiales porosos utilizados en sistemas de filtraci\u00f3n para eliminar part\u00edculas s\u00f3lidas y contaminantes del flujo de fluido, como aire o agua. &hellip;","og_url":"https:\/\/solotoberas.com\/index.php\/medios-filtrantes\/","og_site_name":"solotoberas.com","article_modified_time":"2024-01-13T15:56:51+00:00","og_image":[{"url":"https:\/\/solotoberas.com\/wp-content\/uploads\/2023\/11\/image-38.png","type":"","width":"","height":""}],"twitter_card":"summary_large_image","twitter_misc":{"Est. reading time":"1 minute"},"schema":{"@context":"https:\/\/schema.org","@graph":[{"@type":"WebPage","@id":"https:\/\/solotoberas.com\/index.php\/medios-filtrantes\/","url":"https:\/\/solotoberas.com\/index.php\/medios-filtrantes\/","name":"Medios filtrantes","isPartOf":{"@id":"https:\/\/solotoberas.com\/#website"},"primaryImageOfPage":{"@id":"https:\/\/solotoberas.com\/index.php\/medios-filtrantes\/#primaryimage"},"image":{"@id":"https:\/\/solotoberas.com\/index.php\/medios-filtrantes\/#primaryimage"},"thumbnailUrl":"https:\/\/solotoberas.com\/wp-content\/uploads\/2023\/11\/image-38.png","datePublished":"2023-11-21T22:24:31+00:00","dateModified":"2024-01-13T15:56:51+00:00","breadcrumb":{"@id":"https:\/\/solotoberas.com\/index.php\/medios-filtrantes\/#breadcrumb"},"inLanguage":"en-US","potentialAction":[{"@type":"ReadAction","target":["https:\/\/solotoberas.com\/index.php\/medios-filtrantes\/"]}]},{"@type":"ImageObject","inLanguage":"en-US","@id":"https:\/\/solotoberas.com\/index.php\/medios-filtrantes\/#primaryimage","url":"https:\/\/solotoberas.com\/wp-content\/uploads\/2023\/11\/image-38.png","contentUrl":"https:\/\/solotoberas.com\/wp-content\/uploads\/2023\/11\/image-38.png","width":953,"height":509},{"@type":"BreadcrumbList","@id":"https:\/\/solotoberas.com\/index.php\/medios-filtrantes\/#breadcrumb","itemListElement":[{"@type":"ListItem","position":1,"name":"Home","item":"https:\/\/solotoberas.com\/"},{"@type":"ListItem","position":2,"name":"Medios filtrantes"}]},{"@type":"WebSite","@id":"https:\/\/solotoberas.com\/#website","url":"https:\/\/solotoberas.com\/","name":"solotoberas.com","description":"","publisher":{"@id":"https:\/\/solotoberas.com\/#organization"},"potentialAction":[{"@type":"SearchAction","target":{"@type":"EntryPoint","urlTemplate":"https:\/\/solotoberas.com\/?s={search_term_string}"},"query-input":{"@type":"PropertyValueSpecification","valueRequired":true,"valueName":"search_term_string"}}],"inLanguage":"en-US"},{"@type":"Organization","@id":"https:\/\/solotoberas.com\/#organization","name":"solotoberas.com","url":"https:\/\/solotoberas.com\/","logo":{"@type":"ImageObject","inLanguage":"en-US","@id":"https:\/\/solotoberas.com\/#\/schema\/logo\/image\/","url":"https:\/\/solotoberas.com\/wp-content\/uploads\/2023\/11\/cropped-logo.jpg","contentUrl":"https:\/\/solotoberas.com\/wp-content\/uploads\/2023\/11\/cropped-logo.jpg","width":561,"height":207,"caption":"solotoberas.com"},"image":{"@id":"https:\/\/solotoberas.com\/#\/schema\/logo\/image\/"}}]}},"_links":{"self":[{"href":"https:\/\/solotoberas.com\/index.php\/wp-json\/wp\/v2\/pages\/222","targetHints":{"allow":["GET"]}}],"collection":[{"href":"https:\/\/solotoberas.com\/index.php\/wp-json\/wp\/v2\/pages"}],"about":[{"href":"https:\/\/solotoberas.com\/index.php\/wp-json\/wp\/v2\/types\/page"}],"author":[{"embeddable":true,"href":"https:\/\/solotoberas.com\/index.php\/wp-json\/wp\/v2\/users\/1"}],"replies":[{"embeddable":true,"href":"https:\/\/solotoberas.com\/index.php\/wp-json\/wp\/v2\/comments?post=222"}],"version-history":[{"count":4,"href":"https:\/\/solotoberas.com\/index.php\/wp-json\/wp\/v2\/pages\/222\/revisions"}],"predecessor-version":[{"id":407,"href":"https:\/\/solotoberas.com\/index.php\/wp-json\/wp\/v2\/pages\/222\/revisions\/407"}],"wp:attachment":[{"href":"https:\/\/solotoberas.com\/index.php\/wp-json\/wp\/v2\/media?parent=222"}],"curies":[{"name":"wp","href":"https:\/\/api.w.org\/{rel}","templated":true}]}}