{"id":200,"date":"2023-11-21T19:57:57","date_gmt":"2023-11-21T19:57:57","guid":{"rendered":"https:\/\/solotoberas.com\/?page_id=200"},"modified":"2024-01-18T00:01:30","modified_gmt":"2024-01-18T00:01:30","slug":"toberas-de-suavizacion-y-desmineralizacion","status":"publish","type":"page","link":"https:\/\/solotoberas.com\/index.php\/toberas-de-suavizacion-y-desmineralizacion\/","title":{"rendered":"Toberas de suavizacion y desmineralizacion"},"content":{"rendered":"<p><\/p><div class=\"wp-block-image\"><figure class=\"aligncenter size-full is-resized\"><img loading=\"lazy\" decoding=\"async\" width=\"748\" height=\"222\" src=\"https:\/\/solotoberas.com\/wp-content\/uploads\/2023\/11\/tobheras-suavizacion.jpg\" alt=\"toberas para desmineralizaci\u00f3n\" class=\"wp-image-201\" style=\"width:964px;height:auto\" srcset=\"https:\/\/solotoberas.com\/wp-content\/uploads\/2023\/11\/tobheras-suavizacion.jpg 748w, https:\/\/solotoberas.com\/wp-content\/uploads\/2023\/11\/tobheras-suavizacion-300x89.jpg 300w, https:\/\/solotoberas.com\/wp-content\/uploads\/2023\/11\/tobheras-suavizacion-202x60.jpg 202w, https:\/\/solotoberas.com\/wp-content\/uploads\/2023\/11\/tobheras-suavizacion-600x178.jpg 600w\" sizes=\"auto, (max-width: 748px) 100vw, 748px\" \/><\/figure><\/div><p>Las toberas para suavizaci\u00f3n deben ser seleccionadas tomando en cuenta el tama\u00f1o efectivo de las resinas&nbsp; y siempre van acompa\u00f1adas por trampas de resina. Las cuales&nbsp; para nuestro caso de solo toberas, tambi\u00e9n forman parte de nuestro alcance.<\/p><p>Recuerda que se debe tomar en cuenta el espesor total de el falso fondo, que en algunos casos puede ser ahulado.\u00a0<\/p><div class=\"wp-block-image\"><figure class=\"alignleft size-full is-resized\"><img loading=\"lazy\" decoding=\"async\" width=\"322\" height=\"392\" src=\"https:\/\/solotoberas.com\/wp-content\/uploads\/2023\/11\/image-36.png\" alt=\"toberas acero inoxidable 316L\" class=\"wp-image-203\" style=\"width:270px;height:auto\" srcset=\"https:\/\/solotoberas.com\/wp-content\/uploads\/2023\/11\/image-36.png 322w, https:\/\/solotoberas.com\/wp-content\/uploads\/2023\/11\/image-36-246x300.png 246w, https:\/\/solotoberas.com\/wp-content\/uploads\/2023\/11\/image-36-49x60.png 49w\" sizes=\"auto, (max-width: 322px) 100vw, 322px\" \/><figcaption class=\"wp-element-caption\">Tobera de acero inoxidable 316L<\/figcaption><\/figure><\/div>","protected":false},"excerpt":{"rendered":"<p>Las toberas para suavizaci\u00f3n deben ser seleccionadas tomando en cuenta el tama\u00f1o efectivo de las resinas&nbsp; y siempre van acompa\u00f1adas por trampas de resina. Las &hellip; <\/p>\n","protected":false},"author":1,"featured_media":0,"parent":0,"menu_order":0,"comment_status":"closed","ping_status":"closed","template":"","meta":{"om_disable_all_campaigns":false,"_themeisle_gutenberg_block_has_review":false,"footnotes":""},"class_list":["post-200","page","type-page","status-publish","hentry"],"yoast_head":"<!-- This site is optimized with the Yoast SEO plugin v24.3 - https:\/\/yoast.com\/wordpress\/plugins\/seo\/ -->\n<title>Toberas de suavizacion y desmineralizacion<\/title>\n<meta name=\"description\" content=\"Toberas de suavizacion y desmineralizacion\" \/>\n<meta name=\"robots\" content=\"index, follow, max-snippet:-1, max-image-preview:large, max-video-preview:-1\" \/>\n<link rel=\"canonical\" href=\"https:\/\/solotoberas.com\/index.php\/toberas-de-suavizacion-y-desmineralizacion\/\" \/>\n<meta property=\"og:locale\" content=\"en_US\" \/>\n<meta property=\"og:type\" content=\"article\" \/>\n<meta property=\"og:title\" content=\"Toberas de suavizacion y desmineralizacion\" \/>\n<meta property=\"og:description\" content=\"Toberas de suavizacion y desmineralizacion\" \/>\n<meta property=\"og:url\" content=\"https:\/\/solotoberas.com\/index.php\/toberas-de-suavizacion-y-desmineralizacion\/\" \/>\n<meta property=\"og:site_name\" content=\"solotoberas.com\" \/>\n<meta property=\"article:modified_time\" content=\"2024-01-18T00:01:30+00:00\" \/>\n<meta property=\"og:image\" content=\"https:\/\/solotoberas.com\/wp-content\/uploads\/2023\/11\/tobheras-suavizacion.jpg\" \/>\n<meta name=\"twitter:card\" content=\"summary_large_image\" \/>\n<meta name=\"twitter:label1\" content=\"Est. reading time\" \/>\n\t<meta name=\"twitter:data1\" content=\"1 minute\" \/>\n<script type=\"application\/ld+json\" class=\"yoast-schema-graph\">{\"@context\":\"https:\/\/schema.org\",\"@graph\":[{\"@type\":\"WebPage\",\"@id\":\"https:\/\/solotoberas.com\/index.php\/toberas-de-suavizacion-y-desmineralizacion\/\",\"url\":\"https:\/\/solotoberas.com\/index.php\/toberas-de-suavizacion-y-desmineralizacion\/\",\"name\":\"Toberas de suavizacion y desmineralizacion\",\"isPartOf\":{\"@id\":\"https:\/\/solotoberas.com\/#website\"},\"primaryImageOfPage\":{\"@id\":\"https:\/\/solotoberas.com\/index.php\/toberas-de-suavizacion-y-desmineralizacion\/#primaryimage\"},\"image\":{\"@id\":\"https:\/\/solotoberas.com\/index.php\/toberas-de-suavizacion-y-desmineralizacion\/#primaryimage\"},\"thumbnailUrl\":\"https:\/\/solotoberas.com\/wp-content\/uploads\/2023\/11\/tobheras-suavizacion.jpg\",\"datePublished\":\"2023-11-21T19:57:57+00:00\",\"dateModified\":\"2024-01-18T00:01:30+00:00\",\"description\":\"Toberas de suavizacion y desmineralizacion\",\"breadcrumb\":{\"@id\":\"https:\/\/solotoberas.com\/index.php\/toberas-de-suavizacion-y-desmineralizacion\/#breadcrumb\"},\"inLanguage\":\"en-US\",\"potentialAction\":[{\"@type\":\"ReadAction\",\"target\":[\"https:\/\/solotoberas.com\/index.php\/toberas-de-suavizacion-y-desmineralizacion\/\"]}]},{\"@type\":\"ImageObject\",\"inLanguage\":\"en-US\",\"@id\":\"https:\/\/solotoberas.com\/index.php\/toberas-de-suavizacion-y-desmineralizacion\/#primaryimage\",\"url\":\"https:\/\/solotoberas.com\/wp-content\/uploads\/2023\/11\/tobheras-suavizacion.jpg\",\"contentUrl\":\"https:\/\/solotoberas.com\/wp-content\/uploads\/2023\/11\/tobheras-suavizacion.jpg\",\"width\":748,\"height\":222},{\"@type\":\"BreadcrumbList\",\"@id\":\"https:\/\/solotoberas.com\/index.php\/toberas-de-suavizacion-y-desmineralizacion\/#breadcrumb\",\"itemListElement\":[{\"@type\":\"ListItem\",\"position\":1,\"name\":\"Home\",\"item\":\"https:\/\/solotoberas.com\/\"},{\"@type\":\"ListItem\",\"position\":2,\"name\":\"Toberas de suavizacion y desmineralizacion\"}]},{\"@type\":\"WebSite\",\"@id\":\"https:\/\/solotoberas.com\/#website\",\"url\":\"https:\/\/solotoberas.com\/\",\"name\":\"solotoberas.com\",\"description\":\"\",\"publisher\":{\"@id\":\"https:\/\/solotoberas.com\/#organization\"},\"potentialAction\":[{\"@type\":\"SearchAction\",\"target\":{\"@type\":\"EntryPoint\",\"urlTemplate\":\"https:\/\/solotoberas.com\/?s={search_term_string}\"},\"query-input\":{\"@type\":\"PropertyValueSpecification\",\"valueRequired\":true,\"valueName\":\"search_term_string\"}}],\"inLanguage\":\"en-US\"},{\"@type\":\"Organization\",\"@id\":\"https:\/\/solotoberas.com\/#organization\",\"name\":\"solotoberas.com\",\"url\":\"https:\/\/solotoberas.com\/\",\"logo\":{\"@type\":\"ImageObject\",\"inLanguage\":\"en-US\",\"@id\":\"https:\/\/solotoberas.com\/#\/schema\/logo\/image\/\",\"url\":\"https:\/\/solotoberas.com\/wp-content\/uploads\/2023\/11\/cropped-logo.jpg\",\"contentUrl\":\"https:\/\/solotoberas.com\/wp-content\/uploads\/2023\/11\/cropped-logo.jpg\",\"width\":561,\"height\":207,\"caption\":\"solotoberas.com\"},\"image\":{\"@id\":\"https:\/\/solotoberas.com\/#\/schema\/logo\/image\/\"}}]}<\/script>\n<!-- \/ Yoast SEO plugin. -->","yoast_head_json":{"title":"Toberas de suavizacion y desmineralizacion","description":"Toberas de suavizacion y desmineralizacion","robots":{"index":"index","follow":"follow","max-snippet":"max-snippet:-1","max-image-preview":"max-image-preview:large","max-video-preview":"max-video-preview:-1"},"canonical":"https:\/\/solotoberas.com\/index.php\/toberas-de-suavizacion-y-desmineralizacion\/","og_locale":"en_US","og_type":"article","og_title":"Toberas de suavizacion y desmineralizacion","og_description":"Toberas de suavizacion y desmineralizacion","og_url":"https:\/\/solotoberas.com\/index.php\/toberas-de-suavizacion-y-desmineralizacion\/","og_site_name":"solotoberas.com","article_modified_time":"2024-01-18T00:01:30+00:00","og_image":[{"url":"https:\/\/solotoberas.com\/wp-content\/uploads\/2023\/11\/tobheras-suavizacion.jpg","type":"","width":"","height":""}],"twitter_card":"summary_large_image","twitter_misc":{"Est. reading time":"1 minute"},"schema":{"@context":"https:\/\/schema.org","@graph":[{"@type":"WebPage","@id":"https:\/\/solotoberas.com\/index.php\/toberas-de-suavizacion-y-desmineralizacion\/","url":"https:\/\/solotoberas.com\/index.php\/toberas-de-suavizacion-y-desmineralizacion\/","name":"Toberas de suavizacion y desmineralizacion","isPartOf":{"@id":"https:\/\/solotoberas.com\/#website"},"primaryImageOfPage":{"@id":"https:\/\/solotoberas.com\/index.php\/toberas-de-suavizacion-y-desmineralizacion\/#primaryimage"},"image":{"@id":"https:\/\/solotoberas.com\/index.php\/toberas-de-suavizacion-y-desmineralizacion\/#primaryimage"},"thumbnailUrl":"https:\/\/solotoberas.com\/wp-content\/uploads\/2023\/11\/tobheras-suavizacion.jpg","datePublished":"2023-11-21T19:57:57+00:00","dateModified":"2024-01-18T00:01:30+00:00","description":"Toberas de suavizacion y desmineralizacion","breadcrumb":{"@id":"https:\/\/solotoberas.com\/index.php\/toberas-de-suavizacion-y-desmineralizacion\/#breadcrumb"},"inLanguage":"en-US","potentialAction":[{"@type":"ReadAction","target":["https:\/\/solotoberas.com\/index.php\/toberas-de-suavizacion-y-desmineralizacion\/"]}]},{"@type":"ImageObject","inLanguage":"en-US","@id":"https:\/\/solotoberas.com\/index.php\/toberas-de-suavizacion-y-desmineralizacion\/#primaryimage","url":"https:\/\/solotoberas.com\/wp-content\/uploads\/2023\/11\/tobheras-suavizacion.jpg","contentUrl":"https:\/\/solotoberas.com\/wp-content\/uploads\/2023\/11\/tobheras-suavizacion.jpg","width":748,"height":222},{"@type":"BreadcrumbList","@id":"https:\/\/solotoberas.com\/index.php\/toberas-de-suavizacion-y-desmineralizacion\/#breadcrumb","itemListElement":[{"@type":"ListItem","position":1,"name":"Home","item":"https:\/\/solotoberas.com\/"},{"@type":"ListItem","position":2,"name":"Toberas de suavizacion y desmineralizacion"}]},{"@type":"WebSite","@id":"https:\/\/solotoberas.com\/#website","url":"https:\/\/solotoberas.com\/","name":"solotoberas.com","description":"","publisher":{"@id":"https:\/\/solotoberas.com\/#organization"},"potentialAction":[{"@type":"SearchAction","target":{"@type":"EntryPoint","urlTemplate":"https:\/\/solotoberas.com\/?s={search_term_string}"},"query-input":{"@type":"PropertyValueSpecification","valueRequired":true,"valueName":"search_term_string"}}],"inLanguage":"en-US"},{"@type":"Organization","@id":"https:\/\/solotoberas.com\/#organization","name":"solotoberas.com","url":"https:\/\/solotoberas.com\/","logo":{"@type":"ImageObject","inLanguage":"en-US","@id":"https:\/\/solotoberas.com\/#\/schema\/logo\/image\/","url":"https:\/\/solotoberas.com\/wp-content\/uploads\/2023\/11\/cropped-logo.jpg","contentUrl":"https:\/\/solotoberas.com\/wp-content\/uploads\/2023\/11\/cropped-logo.jpg","width":561,"height":207,"caption":"solotoberas.com"},"image":{"@id":"https:\/\/solotoberas.com\/#\/schema\/logo\/image\/"}}]}},"_links":{"self":[{"href":"https:\/\/solotoberas.com\/index.php\/wp-json\/wp\/v2\/pages\/200","targetHints":{"allow":["GET"]}}],"collection":[{"href":"https:\/\/solotoberas.com\/index.php\/wp-json\/wp\/v2\/pages"}],"about":[{"href":"https:\/\/solotoberas.com\/index.php\/wp-json\/wp\/v2\/types\/page"}],"author":[{"embeddable":true,"href":"https:\/\/solotoberas.com\/index.php\/wp-json\/wp\/v2\/users\/1"}],"replies":[{"embeddable":true,"href":"https:\/\/solotoberas.com\/index.php\/wp-json\/wp\/v2\/comments?post=200"}],"version-history":[{"count":7,"href":"https:\/\/solotoberas.com\/index.php\/wp-json\/wp\/v2\/pages\/200\/revisions"}],"predecessor-version":[{"id":464,"href":"https:\/\/solotoberas.com\/index.php\/wp-json\/wp\/v2\/pages\/200\/revisions\/464"}],"wp:attachment":[{"href":"https:\/\/solotoberas.com\/index.php\/wp-json\/wp\/v2\/media?parent=200"}],"curies":[{"name":"wp","href":"https:\/\/api.w.org\/{rel}","templated":true}]}}