{"id":102,"date":"2023-11-16T23:27:36","date_gmt":"2023-11-16T23:27:36","guid":{"rendered":"https:\/\/solotoberas.com\/?page_id=102"},"modified":"2024-01-17T22:16:23","modified_gmt":"2024-01-17T22:16:23","slug":"toberas-de-cola-corta","status":"publish","type":"page","link":"https:\/\/solotoberas.com\/index.php\/toberas-de-cola-corta\/","title":{"rendered":"Toberas de cola corta"},"content":{"rendered":"<div class=\"wp-block-image\"><figure class=\"alignright size-full is-resized\"><img loading=\"lazy\" decoding=\"async\" width=\"559\" height=\"446\" src=\"https:\/\/solotoberas.com\/wp-content\/uploads\/2023\/11\/image-11.png\" alt=\"tobera de cola corta ksh\" class=\"wp-image-110\" style=\"width:343px;height:auto\" srcset=\"https:\/\/solotoberas.com\/wp-content\/uploads\/2023\/11\/image-11.png 559w, https:\/\/solotoberas.com\/wp-content\/uploads\/2023\/11\/image-11-300x239.png 300w, https:\/\/solotoberas.com\/wp-content\/uploads\/2023\/11\/image-11-75x60.png 75w\" sizes=\"auto, (max-width: 559px) 100vw, 559px\" \/><figcaption class=\"wp-element-caption\">Tobera modelo CVS-ECC-1K<\/figcaption><\/figure><\/div><p class=\"has-large-font-size\">La selecci\u00f3n de una tobera de cola corta se limita al uso de lavado solo con agua, y la longitud va acompa\u00f1ada de la forma que desean instalar, con cople en losa plana de acero o cople con ramales de tuber\u00edas. No olvidando que las mismas tambi\u00e9n deben cumplir con una densidad por m2<\/p><p class=\"has-large-font-size\">Todas nuestras toberas son de color negro, las cuales se fabrican con material virgen grado alimenticio, con protecci\u00f3n UV y antioxidante. Sin embargo a partir de 1000 piezas podemos fabricarlas en color blanco.<\/p><p><\/p><p><\/p><div class=\"wp-block-image\"><figure class=\"alignleft size-full is-resized\"><img loading=\"lazy\" decoding=\"async\" width=\"664\" height=\"813\" src=\"https:\/\/solotoberas.com\/wp-content\/uploads\/2023\/11\/image-22.png\" alt=\"toberas de cola corta ECC-K\" class=\"wp-image-127\" style=\"width:245px;height:auto\" srcset=\"https:\/\/solotoberas.com\/wp-content\/uploads\/2023\/11\/image-22.png 664w, https:\/\/solotoberas.com\/wp-content\/uploads\/2023\/11\/image-22-245x300.png 245w, https:\/\/solotoberas.com\/wp-content\/uploads\/2023\/11\/image-22-49x60.png 49w, https:\/\/solotoberas.com\/wp-content\/uploads\/2023\/11\/image-22-600x735.png 600w\" sizes=\"auto, (max-width: 664px) 100vw, 664px\" \/><figcaption class=\"wp-element-caption\">Tobera modelo CVS-ECC-K<\/figcaption><\/figure><\/div><div class=\"wp-block-image\"><figure class=\"alignleft size-full is-resized\"><img loading=\"lazy\" decoding=\"async\" width=\"406\" height=\"411\" src=\"https:\/\/solotoberas.com\/wp-content\/uploads\/2023\/11\/image-26.png\" alt=\"toberas de cola corta ranura 2.0mm\" class=\"wp-image-136\" style=\"width:280px;height:auto\" srcset=\"https:\/\/solotoberas.com\/wp-content\/uploads\/2023\/11\/image-26.png 406w, https:\/\/solotoberas.com\/wp-content\/uploads\/2023\/11\/image-26-296x300.png 296w, https:\/\/solotoberas.com\/wp-content\/uploads\/2023\/11\/image-26-59x60.png 59w, https:\/\/solotoberas.com\/wp-content\/uploads\/2023\/11\/image-26-100x100.png 100w\" sizes=\"auto, (max-width: 406px) 100vw, 406px\" \/><figcaption class=\"wp-element-caption\">Tobera modelo CVS-ECC-S02QP<\/figcaption><\/figure><\/div><div class=\"wp-block-image\"><figure class=\"alignleft size-full is-resized\"><img loading=\"lazy\" decoding=\"async\" width=\"418\" height=\"380\" src=\"https:\/\/solotoberas.com\/wp-content\/uploads\/2023\/11\/image-18.png\" alt=\"toberas de cola corta ECC-1C\" class=\"wp-image-120\" style=\"width:284px;height:auto\" srcset=\"https:\/\/solotoberas.com\/wp-content\/uploads\/2023\/11\/image-18.png 418w, https:\/\/solotoberas.com\/wp-content\/uploads\/2023\/11\/image-18-300x273.png 300w, https:\/\/solotoberas.com\/wp-content\/uploads\/2023\/11\/image-18-66x60.png 66w\" sizes=\"auto, (max-width: 418px) 100vw, 418px\" \/><figcaption class=\"wp-element-caption\">Tobera modelo CVS-ECC-1C<\/figcaption><\/figure><\/div><div class=\"wp-block-image\"><figure class=\"alignleft size-full is-resized\"><img loading=\"lazy\" decoding=\"async\" width=\"333\" height=\"388\" src=\"https:\/\/solotoberas.com\/wp-content\/uploads\/2023\/11\/image-25.png\" alt=\"toberas de cola corta ECC-S\" class=\"wp-image-130\" style=\"width:298px;height:auto\" srcset=\"https:\/\/solotoberas.com\/wp-content\/uploads\/2023\/11\/image-25.png 333w, https:\/\/solotoberas.com\/wp-content\/uploads\/2023\/11\/image-25-257x300.png 257w, https:\/\/solotoberas.com\/wp-content\/uploads\/2023\/11\/image-25-51x60.png 51w\" sizes=\"auto, (max-width: 333px) 100vw, 333px\" \/><figcaption class=\"wp-element-caption\">Tobera modelo CVS-ECC-S<\/figcaption><\/figure><\/div><div class=\"wp-block-image\"><figure class=\"alignleft size-full is-resized\"><img loading=\"lazy\" decoding=\"async\" width=\"604\" height=\"646\" src=\"https:\/\/solotoberas.com\/wp-content\/uploads\/2023\/11\/image-24.png\" alt=\"toberas de cola corta ECC-1\/2\" class=\"wp-image-129\" style=\"width:316px;height:auto\" srcset=\"https:\/\/solotoberas.com\/wp-content\/uploads\/2023\/11\/image-24.png 604w, https:\/\/solotoberas.com\/wp-content\/uploads\/2023\/11\/image-24-280x300.png 280w, https:\/\/solotoberas.com\/wp-content\/uploads\/2023\/11\/image-24-56x60.png 56w, https:\/\/solotoberas.com\/wp-content\/uploads\/2023\/11\/image-24-600x642.png 600w\" sizes=\"auto, (max-width: 604px) 100vw, 604px\" \/><figcaption class=\"wp-element-caption\">Tobera modelo CVS-ECC-1\/2<\/figcaption><\/figure><\/div><div class=\"wp-block-image\"><figure class=\"alignleft size-full is-resized\"><img loading=\"lazy\" decoding=\"async\" width=\"652\" height=\"743\" src=\"https:\/\/solotoberas.com\/wp-content\/uploads\/2023\/11\/image-23.png\" alt=\"tobera de cola corta ECC-EX\" class=\"wp-image-128\" style=\"width:283px;height:auto\" srcset=\"https:\/\/solotoberas.com\/wp-content\/uploads\/2023\/11\/image-23.png 652w, https:\/\/solotoberas.com\/wp-content\/uploads\/2023\/11\/image-23-263x300.png 263w, https:\/\/solotoberas.com\/wp-content\/uploads\/2023\/11\/image-23-53x60.png 53w, https:\/\/solotoberas.com\/wp-content\/uploads\/2023\/11\/image-23-600x684.png 600w\" sizes=\"auto, (max-width: 652px) 100vw, 652px\" \/><figcaption class=\"wp-element-caption\">Tobera modelo CVS-ECC-EX<\/figcaption><\/figure><\/div>","protected":false},"excerpt":{"rendered":"<p>La selecci\u00f3n de una tobera de cola corta se limita al uso de lavado solo con agua, y la longitud va acompa\u00f1ada de la forma &hellip; <\/p>\n","protected":false},"author":1,"featured_media":0,"parent":0,"menu_order":0,"comment_status":"closed","ping_status":"closed","template":"","meta":{"om_disable_all_campaigns":false,"_themeisle_gutenberg_block_has_review":false,"footnotes":""},"class_list":["post-102","page","type-page","status-publish","hentry"],"yoast_head":"<!-- This site is optimized with the Yoast SEO plugin v24.3 - https:\/\/yoast.com\/wordpress\/plugins\/seo\/ -->\n<title>Toberas de cola corta<\/title>\n<meta name=\"description\" content=\"Toberas de cola corta\" \/>\n<meta name=\"robots\" content=\"index, follow, max-snippet:-1, max-image-preview:large, max-video-preview:-1\" \/>\n<link rel=\"canonical\" href=\"https:\/\/solotoberas.com\/index.php\/toberas-de-cola-corta\/\" \/>\n<meta property=\"og:locale\" content=\"en_US\" \/>\n<meta property=\"og:type\" content=\"article\" \/>\n<meta property=\"og:title\" content=\"Toberas de cola corta\" \/>\n<meta property=\"og:description\" content=\"Toberas de cola corta\" \/>\n<meta property=\"og:url\" content=\"https:\/\/solotoberas.com\/index.php\/toberas-de-cola-corta\/\" \/>\n<meta property=\"og:site_name\" content=\"solotoberas.com\" \/>\n<meta property=\"article:modified_time\" content=\"2024-01-17T22:16:23+00:00\" \/>\n<meta property=\"og:image\" content=\"https:\/\/solotoberas.com\/wp-content\/uploads\/2023\/11\/image-11.png\" \/>\n<meta name=\"twitter:card\" content=\"summary_large_image\" \/>\n<meta name=\"twitter:label1\" content=\"Est. reading time\" \/>\n\t<meta name=\"twitter:data1\" content=\"2 minutes\" \/>\n<script type=\"application\/ld+json\" class=\"yoast-schema-graph\">{\"@context\":\"https:\/\/schema.org\",\"@graph\":[{\"@type\":\"WebPage\",\"@id\":\"https:\/\/solotoberas.com\/index.php\/toberas-de-cola-corta\/\",\"url\":\"https:\/\/solotoberas.com\/index.php\/toberas-de-cola-corta\/\",\"name\":\"Toberas de cola corta\",\"isPartOf\":{\"@id\":\"https:\/\/solotoberas.com\/#website\"},\"primaryImageOfPage\":{\"@id\":\"https:\/\/solotoberas.com\/index.php\/toberas-de-cola-corta\/#primaryimage\"},\"image\":{\"@id\":\"https:\/\/solotoberas.com\/index.php\/toberas-de-cola-corta\/#primaryimage\"},\"thumbnailUrl\":\"https:\/\/solotoberas.com\/wp-content\/uploads\/2023\/11\/image-11.png\",\"datePublished\":\"2023-11-16T23:27:36+00:00\",\"dateModified\":\"2024-01-17T22:16:23+00:00\",\"description\":\"Toberas de cola corta\",\"breadcrumb\":{\"@id\":\"https:\/\/solotoberas.com\/index.php\/toberas-de-cola-corta\/#breadcrumb\"},\"inLanguage\":\"en-US\",\"potentialAction\":[{\"@type\":\"ReadAction\",\"target\":[\"https:\/\/solotoberas.com\/index.php\/toberas-de-cola-corta\/\"]}]},{\"@type\":\"ImageObject\",\"inLanguage\":\"en-US\",\"@id\":\"https:\/\/solotoberas.com\/index.php\/toberas-de-cola-corta\/#primaryimage\",\"url\":\"https:\/\/solotoberas.com\/wp-content\/uploads\/2023\/11\/image-11.png\",\"contentUrl\":\"https:\/\/solotoberas.com\/wp-content\/uploads\/2023\/11\/image-11.png\",\"width\":559,\"height\":446},{\"@type\":\"BreadcrumbList\",\"@id\":\"https:\/\/solotoberas.com\/index.php\/toberas-de-cola-corta\/#breadcrumb\",\"itemListElement\":[{\"@type\":\"ListItem\",\"position\":1,\"name\":\"Home\",\"item\":\"https:\/\/solotoberas.com\/\"},{\"@type\":\"ListItem\",\"position\":2,\"name\":\"Toberas de cola corta\"}]},{\"@type\":\"WebSite\",\"@id\":\"https:\/\/solotoberas.com\/#website\",\"url\":\"https:\/\/solotoberas.com\/\",\"name\":\"solotoberas.com\",\"description\":\"\",\"publisher\":{\"@id\":\"https:\/\/solotoberas.com\/#organization\"},\"potentialAction\":[{\"@type\":\"SearchAction\",\"target\":{\"@type\":\"EntryPoint\",\"urlTemplate\":\"https:\/\/solotoberas.com\/?s={search_term_string}\"},\"query-input\":{\"@type\":\"PropertyValueSpecification\",\"valueRequired\":true,\"valueName\":\"search_term_string\"}}],\"inLanguage\":\"en-US\"},{\"@type\":\"Organization\",\"@id\":\"https:\/\/solotoberas.com\/#organization\",\"name\":\"solotoberas.com\",\"url\":\"https:\/\/solotoberas.com\/\",\"logo\":{\"@type\":\"ImageObject\",\"inLanguage\":\"en-US\",\"@id\":\"https:\/\/solotoberas.com\/#\/schema\/logo\/image\/\",\"url\":\"https:\/\/solotoberas.com\/wp-content\/uploads\/2023\/11\/cropped-logo.jpg\",\"contentUrl\":\"https:\/\/solotoberas.com\/wp-content\/uploads\/2023\/11\/cropped-logo.jpg\",\"width\":561,\"height\":207,\"caption\":\"solotoberas.com\"},\"image\":{\"@id\":\"https:\/\/solotoberas.com\/#\/schema\/logo\/image\/\"}}]}<\/script>\n<!-- \/ Yoast SEO plugin. -->","yoast_head_json":{"title":"Toberas de cola corta","description":"Toberas de cola corta","robots":{"index":"index","follow":"follow","max-snippet":"max-snippet:-1","max-image-preview":"max-image-preview:large","max-video-preview":"max-video-preview:-1"},"canonical":"https:\/\/solotoberas.com\/index.php\/toberas-de-cola-corta\/","og_locale":"en_US","og_type":"article","og_title":"Toberas de cola corta","og_description":"Toberas de cola corta","og_url":"https:\/\/solotoberas.com\/index.php\/toberas-de-cola-corta\/","og_site_name":"solotoberas.com","article_modified_time":"2024-01-17T22:16:23+00:00","og_image":[{"url":"https:\/\/solotoberas.com\/wp-content\/uploads\/2023\/11\/image-11.png","type":"","width":"","height":""}],"twitter_card":"summary_large_image","twitter_misc":{"Est. reading time":"2 minutes"},"schema":{"@context":"https:\/\/schema.org","@graph":[{"@type":"WebPage","@id":"https:\/\/solotoberas.com\/index.php\/toberas-de-cola-corta\/","url":"https:\/\/solotoberas.com\/index.php\/toberas-de-cola-corta\/","name":"Toberas de cola corta","isPartOf":{"@id":"https:\/\/solotoberas.com\/#website"},"primaryImageOfPage":{"@id":"https:\/\/solotoberas.com\/index.php\/toberas-de-cola-corta\/#primaryimage"},"image":{"@id":"https:\/\/solotoberas.com\/index.php\/toberas-de-cola-corta\/#primaryimage"},"thumbnailUrl":"https:\/\/solotoberas.com\/wp-content\/uploads\/2023\/11\/image-11.png","datePublished":"2023-11-16T23:27:36+00:00","dateModified":"2024-01-17T22:16:23+00:00","description":"Toberas de cola corta","breadcrumb":{"@id":"https:\/\/solotoberas.com\/index.php\/toberas-de-cola-corta\/#breadcrumb"},"inLanguage":"en-US","potentialAction":[{"@type":"ReadAction","target":["https:\/\/solotoberas.com\/index.php\/toberas-de-cola-corta\/"]}]},{"@type":"ImageObject","inLanguage":"en-US","@id":"https:\/\/solotoberas.com\/index.php\/toberas-de-cola-corta\/#primaryimage","url":"https:\/\/solotoberas.com\/wp-content\/uploads\/2023\/11\/image-11.png","contentUrl":"https:\/\/solotoberas.com\/wp-content\/uploads\/2023\/11\/image-11.png","width":559,"height":446},{"@type":"BreadcrumbList","@id":"https:\/\/solotoberas.com\/index.php\/toberas-de-cola-corta\/#breadcrumb","itemListElement":[{"@type":"ListItem","position":1,"name":"Home","item":"https:\/\/solotoberas.com\/"},{"@type":"ListItem","position":2,"name":"Toberas de cola corta"}]},{"@type":"WebSite","@id":"https:\/\/solotoberas.com\/#website","url":"https:\/\/solotoberas.com\/","name":"solotoberas.com","description":"","publisher":{"@id":"https:\/\/solotoberas.com\/#organization"},"potentialAction":[{"@type":"SearchAction","target":{"@type":"EntryPoint","urlTemplate":"https:\/\/solotoberas.com\/?s={search_term_string}"},"query-input":{"@type":"PropertyValueSpecification","valueRequired":true,"valueName":"search_term_string"}}],"inLanguage":"en-US"},{"@type":"Organization","@id":"https:\/\/solotoberas.com\/#organization","name":"solotoberas.com","url":"https:\/\/solotoberas.com\/","logo":{"@type":"ImageObject","inLanguage":"en-US","@id":"https:\/\/solotoberas.com\/#\/schema\/logo\/image\/","url":"https:\/\/solotoberas.com\/wp-content\/uploads\/2023\/11\/cropped-logo.jpg","contentUrl":"https:\/\/solotoberas.com\/wp-content\/uploads\/2023\/11\/cropped-logo.jpg","width":561,"height":207,"caption":"solotoberas.com"},"image":{"@id":"https:\/\/solotoberas.com\/#\/schema\/logo\/image\/"}}]}},"_links":{"self":[{"href":"https:\/\/solotoberas.com\/index.php\/wp-json\/wp\/v2\/pages\/102","targetHints":{"allow":["GET"]}}],"collection":[{"href":"https:\/\/solotoberas.com\/index.php\/wp-json\/wp\/v2\/pages"}],"about":[{"href":"https:\/\/solotoberas.com\/index.php\/wp-json\/wp\/v2\/types\/page"}],"author":[{"embeddable":true,"href":"https:\/\/solotoberas.com\/index.php\/wp-json\/wp\/v2\/users\/1"}],"replies":[{"embeddable":true,"href":"https:\/\/solotoberas.com\/index.php\/wp-json\/wp\/v2\/comments?post=102"}],"version-history":[{"count":23,"href":"https:\/\/solotoberas.com\/index.php\/wp-json\/wp\/v2\/pages\/102\/revisions"}],"predecessor-version":[{"id":452,"href":"https:\/\/solotoberas.com\/index.php\/wp-json\/wp\/v2\/pages\/102\/revisions\/452"}],"wp:attachment":[{"href":"https:\/\/solotoberas.com\/index.php\/wp-json\/wp\/v2\/media?parent=102"}],"curies":[{"name":"wp","href":"https:\/\/api.w.org\/{rel}","templated":true}]}}